common factor of 7747 and r.
127
Suppose -2*j - 48 = -210. Let d = -395 + 379. Let u be 28 + (20/d - 2/(-8)). Calculate the greatest common divisor of j and u.
27
Suppose -281 = -0*p - 4*p + 5*a, -5*a - 355 = -5*p. Suppose -l = 5*h - 259, 0 = -2*l - 50*h + 46*h + 518. What is the greatest common divisor of l and p?
37
Let l = 79 - 72. Suppose -4*q - 8 = 2*s, -2 = s - q - l. Suppose 5*d - s*a - 50 = 0, -2*d + 8 = -4*a + 4. Calculate the greatest common divisor of d and 42.
6
Let c be -3 + 2 - ((-18)/(-3) - 22). Suppose -86 = -s + 109. Calculate the highest common divisor of s and c.
15
Let j = 7441 - 7420. Calculate the highest common factor of j and 2289.
21
Suppose 8 - 23 = 5*j. Let f be (2 + 1)/(j/(-16)). Let q(v) = -30*v**2 + 269*v + 13. Let s be q(9). What is the greatest common divisor of f and s?
4
Let j = 1724 - 1540. Let t be (-2)/(-13) - 4752/(-208). What is the greatest common factor of t and j?
23
Let x(m) = -4 + 23*m**2 + 3 - 7*m + 9. Let i be x(1). Suppose -2*f - 8 = -4*z, 0 = -0*f - f + z + 1. What is the greatest common divisor of f and i?
6
Suppose -54 - 57 = d + 2*x, -222 = 2*d - 4*x. Let g = 101 + d. Let y be 152/7 - g/35. What is the highest common factor of 88 and y?
22
Let r = 109 + -101. Let x = 104 + 46. Let p be -1 + 12/r - x/(-4). Calculate the greatest common factor of 95 and p.
19
Let o be (-3)/(0 - -1) + 1. Let j be 27*(2/(-2) - o). Suppose m + 8 = j. What is the greatest common divisor of 76 and m?
19
Let h = -117 - -120. Let a = 5 - h. Suppose 0*n = -a*n + 112. What is the highest common factor of n and 8?
8
Let j be (-465)/62*(37/(-5) - 3). Let i(v) = 39*v. Let x be i(7). Calculate the greatest common factor of x and j.
39
Suppose 9*b = -12*b + 5733. Let g = -261 + b. Calculate the highest common divisor of 186 and g.
6
Suppose 5 = 3*v + 3*m + 2, 0 = 4*v + m - 10. Suppose -12*w + 11*w + v = 0, 5*w - 57 = -i. What is the highest common divisor of i and 6?
6
Let y(h) = -h**3 - 9*h**2 - 8*h + 2. Let x be y(-8). Suppose -x*o - 64 = -2*r - 4*o, -o = 4. What is the highest common divisor of r and 324?
36
Suppose -117*m - 3507 = -4*t - 126*m, 2*m = 6. What is the greatest common factor of t and 66?
6
Let b(n) = -772*n + 7 + 56 + 770*n. Let u be b(-7). What is the greatest common divisor of 44 and u?
11
Let l = 22182 - 22157. Suppose -3*c - 61 = -0*q - 2*q, 3*q - 2*c - 99 = 0. Calculate the greatest common factor of q and l.
5
Suppose 10*x + 51*m - 54*m - 7821 = 0, -2*m + 3921 = 5*x. What is the greatest common divisor of x and 1189?
29
Let v = -20 + 146. Let k(a) = -24*a**3 + 4*a**2 + 5*a - 19. Let s be k(-3). Let t = 668 - s. What is the highest common factor of v and t?
18
Let j be (-64 + 3 + -3)*2. Let d = -125 - j. Let l be ((-474)/(-22))/d - 10/55. What is the highest common factor of l and 112?
7
Suppose 45 = 8*m - 5*m. Suppose 0 = -4*v + 9*v - m. Suppose -v*p + 31 + 35 = 4*y, 22 = 2*y - 4*p. Calculate the greatest common divisor of y and 15.
15
Suppose -4*z + z - 828 = 0. Let r be z/(-60) - 6/10. Suppose r*t - 112 = 28. Calculate the highest common factor of 5 and t.
5
Suppose 0 = 279*r - 278*r + 3. Let v be ((-18)/8 - 1)/(r/12). Calculate the greatest common factor of v and 143.
13
Let d = 2742 + -2704. Let u be -2 - -4*305/2. Calculate the highest common divisor of d and u.
38
Let i(f) = -f**3 - 4*f**2 - 10*f - 381. Let x be i(-12). What is the greatest common divisor of x and 81?
81
Let a = 28728 - 28686. What is the highest common divisor of a and 1932?
42
Let w(x) = 11 + 10*x + 4 + 17 + 8*x**2. Let s be w(-4). What is the highest common factor of s and 30?
30
Let x = 3908 - 3654. Calculate the highest common factor of x and 4.
2
Let f(y) = y**2 + 21*y - 63. Let t be ((-34)/51)/((-6)/63). Let d be f(t). What is the highest common divisor of 38 and d?
19
Suppose 38*g = 37*g + 50. Let v = g + -50. Let q(h) = -h**2 - 2*h + 1. Let u be q(v). What is the greatest common divisor of 11 and u?
1
Let m(r) = -2*r + 179. Let j(k) = -k + 60. Let l(f) = -8*j(f) + 3*m(f). Let n be l(-23). Calculate the highest common factor of 88 and n.
11
Suppose 2*h = -5*x + 2*x + 19, -5*x = -5*h - 65. Let c be ((-22)/3*-5)/(3/x). Suppose o = -4*o + 50. Calculate the greatest common divisor of c and o.
10
Let o(q) = -2*q**2 - q - 17. Let g be o(-8). Let s = 75 + g. Let f = -36 - s. What is the greatest common factor of 208 and f?
26
Let i be 990*(1482/130 + -7 + -2). What is the highest common factor of i and 30?
6
Suppose -q - 2 = -14. Let r(k) = 11*k**2 + 395*k + 16. Let m be r(-36). Calculate the highest common factor of q and m.
4
Let o(n) = -n**2 - 26*n + 47. Let i(r) = -r**2 + 2*r - 3. Let v be i(6). Let b be o(v). Calculate the greatest common divisor of b and 30.
10
Suppose 0 = -6*s - 336 + 666. Let r(d) = d**2 - 10*d. Let j be r(11). Calculate the highest common divisor of j and s.
11
Let d = 267 - 31. What is the highest common divisor of d and 1121?
59
Suppose -z = 2*z - 3*x - 3, -3*x = 5*z + 35. Let b be (-2)/(-4*z/(-216)). Let p be 2*123 + (-3)/1. What is the highest common factor of b and p?
27
Let d be (-656)/(-30) - (-300)/2250. What is the greatest common factor of 38500 and d?
22
Let a(q) = -2*q**3 - 137*q**2 + 60*q - 109. Let h be a(-69). Calculate the greatest common factor of 96 and h.
32
Suppose 3*j = 101*v - 98*v + 3, 8 = 2*j + v. Suppose -2*z + 9 = -39. What is the greatest common divisor of z and j?
3
Suppose -111*t - 54*t + 35454 = 3774. Suppose -q + 4*d = -22, -d - 40 = -5*q + 13. Let n = q + 14. What is the greatest common factor of n and t?
24
Let v = 2555 + -1307. What is the greatest common factor of v and 480?
96
Let j(d) = 4*d - 329. Let m be j(90). What is the greatest common divisor of m and 3503?
31
Suppose 0 = 5*m + 8 - 38, 0 = -8*a + 3*m + 78. Suppose 225 = 2*s + 9. Calculate the greatest common divisor of a and s.
12
Suppose -2*r - 5*b = -34 + 12, -2*r + 16 = 2*b. Suppose 402*w - 423*w + 693 = 0. What is the greatest common factor of w and r?
3
Suppose -306*l = -309*l + 21. Let f be (-45)/27*3 + l. Let r be -10*3/((-45)/24). What is the greatest common factor of f and r?
2
Let v(q) = -111*q + 24 + 33 + 106*q. Let l be v(10). What is the greatest common factor of l and 28?
7
Let s = -1732 - -2047. What is the greatest common factor of 756 and s?
63
Suppose -68 = -4*l + 6*q, -2*l - 2*q = -q - 18. Let h be 308 - ((-2)/4)/(10/(-20)). Let b = h - 219. Calculate the highest common factor of b and l.
11
Let u be 43/((28/(-952))/(-2 - 0)). Calculate the highest common factor of 68 and u.
68
Suppose -r - 172 = n, 0 = 3*r + 5*n + 326 + 188. Let g = -89 - r. Let x = 21445 - 21403. Calculate the highest common divisor of g and x.
42
Let i = 2219 + 2697. Calculate the highest common factor of 8 and i.
4
Suppose -39*n = -27*n. Suppose n = 28*y + 3*y - 2170. What is the greatest common factor of 150 and y?
10
Let l be (-8 + 3)/(12 - (-12 + 9653/402)). Let o be 0 + -1 + 1 - -6. What is the greatest common factor of l and o?
6
Let r = 25 + 126. Suppose -u + r = 2*t, t + t - 154 = -2*u. Let g = t - 34. Calculate the greatest common divisor of 16 and g.
8
Let q(n) = -1377*n + 21. Let h be q(0). Suppose -5*c + 10*c = 45. Let f be (-2)/(-3) + 1317/c. What is the greatest common factor of f and h?
21
Suppose -781 + 761 = -h. Calculate the highest common factor of h and 1630.
10
Suppose -d - 6 - 17 = 4*s, 3*d = -9. Let p(r) = -55*r - 22. Let v be p(s). What is the greatest common divisor of v and 23?
23
Let k(v) = 13*v + 2. Let f be k(4). Let h = 402148 - 401914. Calculate the highest common divisor of f and h.
18
Suppose 15*f = 12*f - 3*a + 120, 2*a + 76 = 2*f. What is the greatest common divisor of 41301 and f?
39
Suppose 4*f + 0*f = 332. Let s = -27969 + 28550. What is the highest common divisor of f and s?
83
Suppose 0 = 6792*r - 6791*r - 68. Calculate the highest common factor of r and 428.
4
Let y = 8 + -5. Let k(n) = -n**3 + 5*n**2 - 4*n + 3. Let j be k(y). Let f be (-8)/(-6) + 60/j. What is the greatest common factor of 32 and f?
8
Suppose -421 = -4*v - 5*l, -4*v + 2*l + 451 - 37 = 0. Let i be (-4)/(-6) + (-246)/(-9). Suppose i = 12*s - v. What is the highest common divisor of s and 33?
11
Let i(o) be the third derivative of o**5/20 - 17*o**4/24 - 7*o**3/2 + 30*o**2. Let k be i(9). What is the highest common 